 r - 7 + u - 1. Determine m(z).
1
Let n(i) = -3 + 4 - 6 + 3 - 4*i. Determine n(-2).
6
Let y(d) be the first derivative of 4*d**3/3 + 49*d**2 - 47*d - 6212. Give y(-25).
3
Let b be (15/8)/15*(-9 - -1). Let n(d) = -26*d - 5. Give n(b).
21
Let x(g) be the second derivative of -7*g**3 + 275*g**2 + 4941*g. Give x(13).
4
Let y(u) be the second derivative of -1/2*u**4 + u**2 - 1/20*u**5 - 10*u + 0 - 2/3*u**3. Let b be 114/(-18) - (-1 - (-2)/3). Calculate y(b).
26
Let w(b) be the third derivative of -1/3*b**3 + 1/24*b**4 + 0*b - 3*b**2 + 0. Suppose 2*j - 11*n + 9*n + 16 = 0, 0 = -4*j - 5*n - 5. Calculate w(j).
-7
Let r(a) = -a**3 + 16*a + 11. Let m(u) = u**3 + 2*u**2 - 12*u - 10. Let d(z) = -4*m(z) - 3*r(z). Let j = 13 + -21. Determine d(j).
7
Let a(g) = g**2 - 8*g + 8. Suppose -607 + 117 = 7*f. Let j = f + 102. Suppose 1 = -2*k + 5*r, -6*k + j = -k - r. Determine a(k).
1
Suppose -4*l + 7*l = 2*r + 33, 5*r = 4*l - 100. Let f be 10/3 + r/(-36). Let z(m) = -m**2 + 2*m + 4. What is z(f)?
-4
Suppose -20*i - 21*i = -56 - 26. Let b(g) be the second derivative of -g**4/12 - g**3/2 + g**2/2 + g. Calculate b(i).
-9
Let m = 228 + -226. Let i(x) = 4 - 2 + x**m + 4*x - 1 - 5 - 1. Give i(-5).
0
Suppose -5*i + 2*b = 18, -4*i - 24 = 2*b - 6*b. Let p(m) = -5*m**2 - 4*m - 3. Determine p(i).
-15
Suppose 0 = -2*h - 2*q - 10, -h - 3*q - 9 = -4*h. Let c be (3 + (-25)/10)/(h/6). Let k be (2 + -4)*c/(-3). Let b(r) = -3*r - 2. Determine b(k).
4
Let n(w) = -w**2 + 11*w - 11. Suppose -119*d = -51*d - 46*d - 220. What is n(d)?
-1
Let m(r) = -2*r - 11. Let w be (-21)/(-28) + 806/(-104). Give m(w).
3
Let w(i) be the third derivative of i**4/24 - 7*i**3/6 + 3*i**2 - 82. Give w(-6).
-13
Suppose 0 = -123*u + 116*u + 49. Let s(d) = 10*d + 17. Calculate s(u).
87
Suppose -7*y = p - 17, -y = 3*p - 8 - 3. Let z(c) = 8*c - 10. Determine z(y).
6
Let q be 32/6*(-10)/((-20)/3). Suppose 0 = -2*l - 2*l. Let k(x) = 2 - 5 + l - x**2 + 7*x - 5. Determine k(q).
-16
Let v(h) = 5*h - 11. Suppose -9*s - 78 = -420. Let g = s - 49. Let u(n) = 2*n - 4. Let i(m) = g*u(m) + 4*v(m). Determine i(4).
-8
Let o be (0 - -6*3)/((-16)/(-56)). Let p be 1*(-7)/(-3)*o/3. Let b = 52 - p. Let u(w) = w - 1. Give u(b).
2
Let b be (-207)/(-27) - (2 - (-10)/15). Let o(y) = 9*y - 2. Determine o(b).
43
Let d(s) be the third derivative of 7/24*s**4 + 0*s**3 + 16*s**2 - 1/60*s**5 + 0*s + 0. What is d(6)?
6
Let p(h) = 4*h - 5*h + 1 + 0 + 0. Let w(m) = m**3 - 16*m**2 - 28*m - 145. Let j be w(18). What is p(j)?
2
Let l(w) = 2*w + 35. Let b = 14519 + -14532. Calculate l(b).
9
Let a be (-8)/(-6)*6/4. Let n(u) = u + 14. Let d be n(-5). Suppose d = -l + a*s, 3*l - s - 2*s + 18 = 0. Let r(h) = -h**2. Calculate r(l).
-9
Let w = -25 - -29. Let v be 35 + 10/((-20)/w). Let x = -34 + v. Let q(r) = -9*r**2 - 1. Give q(x).
-10
Let z = -78 + 82. Let q(b) = 4*b + z*b**2 + 2 - 6*b - 2*b**3 - 3*b + 0*b. What is q(3)?
-31
Let s(b) = -8*b - 82. Let y = 3372 + -3381. What is s(y)?
-10
Suppose -d + 4*m - 10 - 4 = 0, 0 = -3*d + m - 75. Let j be 1026/247 - (-4)/d. Let b(c) = c**2 - 3*c + 3. What is b(j)?
7
Let n(h) = -7*h + 1 + 0*h**3 - h**3 + 7 + 2*h**2 - 9*h**2. Suppose 47*g = 52*g + 30. Give n(g).
14
Let c(g) = 875*g + 749. Let p(x) = -44*x - 37. Let o(u) = -6*c(u) - 119*p(u). What is o(-7)?
7
Let y be ((-2388)/995)/(-2 + (-215)/(-100)). Let s(j) = 0*j + 0*j**3 + j - 16*j**2 - j**3 + 16. Calculate s(y).
0
Let d be 3/15 - 82/10. Let k = 13 + d. Let q(y) = -4*y**3 + y**2 + y - 8. Let j(w) = 9*w**3 - w**2 - w + 17. Let f(g) = -3*j(g) - 7*q(g). What is f(k)?
10
Let n be ((-28)/(280/(-30)))/((-6)/4). Let i(d) = 2*d**3 - 3*d - 3*d**2 - 3*d**3 + d. What is i(n)?
0
Let f(t) = t + 113. Let r(v) = 3*v + 146. Let y(n) = -4*f(n) + 3*r(n). Determine y(-9).
-59
Let x(v) = -28*v**2 - 84*v + 6. Let y be x(-3). Let m(f) = f - 21. What is m(y)?
-15
Let c(z) = z**3 - 13*z**2 + 12*z + 1. Let u(b) be the third derivative of -b**4/3 - 18*b**3 + 2*b**2 - 3*b. Let j be u(-15). Calculate c(j).
1
Let o(x) = -28*x**3 + 2*x**2 + 419 - 10*x + 6*x**2 + 14*x**3 + 15*x**3 - 417. Give o(-9).
11
Let h(m) = 41*m**3 - 2*m**2 + 1. Suppose -32*y - 632 = -152. Let i = y - -14. Give h(i).
-42
Let m(j) = j - 188. Let z(a) = 3*a - 535. Let c(x) = -17*m(x) + 6*z(x). Calculate c(-5).
-19
Let x = 40 + -41. Let c be 1 - (-20)/(-6 - x). Let o(a) be the first derivative of -a**4/4 - a**3 + 3*a**2/2 + 4*a - 9. Calculate o(c).
-5
Let s(w) = 68*w**3 - 134*w + 129*w - 67*w**3 + 140 - 27*w**2. Calculate s(27).
5
Let w(g) be the second derivative of 0*g**2 + 7/180*g**6 + 23*g + 0 + 0*g**5 - 1/24*g**4 + 3/2*g**3. Let y(x) be the second derivative of w(x). What is y(1)?
13
Suppose 6 = 6*r - 7*r. Let t = r - -5. Let m(n) = -14*n**3 - 9*n**2 - 5. Let l(f) = -26*f**3 - 16*f**2 - 9. Let h(o) = 5*l(o) - 9*m(o). Calculate h(t).
5
Suppose 0 = -4*p + 467 + 621. Let u = -266 + p. Let h(y) = -3*y - 4. Calculate h(u).
-22
Let n(x) = 2*x**3 + 2*x**2 + 4*x + 3. Let y(l) = l**3 + 9*l**2 - 9*l - 77. Let t be y(-9). Let p be (t/10)/(28/(-140)). What is n(p)?
-13
Let w = -52 - -55. Suppose -w = -3*d + 2*o + 16, -7 = -d + o. Suppose 26 = -3*v - d*j, -4*v - 5*j - 29 = -4*j. Let y(a) = a + 1. What is y(v)?
-6
Let i(a) = -3*a + 7. Suppose 2*h - r - 3*r = 24, 3*r + 9 = -3*h. Suppose 87 = 4*l - b, h*l - 2*b - 33 = -5*b. Let x = -26 + l. Give i(x).
22
Let r(d) = -2*d**3 + 17*d**2 - 13*d + 5. Let x(b) = 3*b**3 - 26*b**2 + 20*b - 7. Let p(w) = -8*r(w) - 5*x(w). Let f be (19 + (50 - 61))/2. What is p(f)?
-21
Suppose 29*m = 45*m - 26*m + 50. Let w(z) = z**2 + 79*z - 417. Give w(m).
3
Let f(i) = -i**3 - 4*i**2 + 4*i - 7. Suppose 4*m = -2*z + 140, 2*z = 6*z. Suppose -m*j = 130 + 45. Calculate f(j).
-2
Let l = -64 - -68. Let m(x) = 7 + l*x + 4*x - 11*x. Let i(p) = -p**3 - 4*p**2 + 5. Let y be i(-4). Calculate m(y).
-8
Let i(k) = 7*k - 1. Let m(t) = 39*t + 6. Let q(d) = 6*i(d) - m(d). Let f = -4 + -5. Determine q(f).
-39
Let m(d) = -14*d - 95. Let h be m(-7). Let f(g) = -7*g**2 - 18*g + 4. Let c(q) = -13*q**2 - 33*q + 8. Let l(i) = 6*c(i) - 11*f(i). What is l(h)?
-5
Let p be (-1)/(-2)*13*2. Let c(s) = -217*s + 2. Let v(q) = -163*q + 5. Let o(n) = -6*c(n) + 8*v(n). Calculate o(p).
2
Let x(q) = 17*q + 6 + 869*q**3 + 1 - 4*q**2 + 8 - 870*q**3. Give x(-6).
-15
Let r = -350 - -417. Let j(p) = -68*p + r*p - 8 - p**2 - 1 + p**3. Give j(0).
-9
Suppose 5*v - 7 - 3 = -2*h, -4*v - h = -5. Let k be (1 - v)*(-3 - -9). Let l(b) be the second derivative of b**3/3 - 2*b**2 - b + 61. Calculate l(k).
8
Let r(a) = -42*a + 25. Let h(j) = -29*j + 16. Let o(b) = -7*h(b) + 5*r(b). Give o(7).
-36
Let u(o) = -o**3 - 8*o**2 + 3*o + 20. Let k be (-68)/9 - (590/(-90) - -7). Calculate u(k).
-4
Let l(b) = -b**3 + 12*b**2 + 12*b + 23. Let u = -538 - -551. Give l(u).
10
Let l(m) be the second derivative of -m**5/10 + m**4/6 + 2*m**3/3 + 9*m**2/2 - 18*m + 29. Give l(4).
-71
Let o(r) = -r**2 + 7*r - 1. Let x(u) = -3*u - 7. Let b be x(3). Let q = -14 - b. Let l be q/(-3) + (-68)/(-12). Calculate o(l).
9
Let b be 92/(-874) - 688/(-38). Let i(t) = 621*t**2 - b*t + 3*t - 620*t**2. What is i(15)?
0
Suppose 6 = -2*o + 5*o. Let x be ((24/(-9))/4)/(14/(-63)). Let r(f) = 0*f**2 + f**o + 13 + f**3 + x - f. What is r(0)?
16
Let b be 9/(-2)*(-12)/9. Let k(d) = -7*d + 1483. Let u(m) = -8*m + 1728. Let r(p) = 7*k(p) - 6*u(p). Calculate r(b).
7
Let h(v) = -v + 54. Let w be h(27). Let g = w - 26. Suppose -3*z - g - 17 = 0. Let u(j) = -j**3 - 7*j**2 - 6*j + 2. What is u(z)?
2
Let a(k) = 2*k**3 - 2*k**2 + 3*k - 7. Let o be a(2). Suppose 5*i - 3*g = 13, -16*i + 17*i - o = 5*g. Let h(f) = 3*f + 1. Give h(i).
7
Let v be 2 + 5/((-10)/4). Suppose 3*q - 15*q + 168 = v. Suppose -l + q = 14. Let k(r) = -r - 3. Determine k(l).
-3
Let m(y) = 1 - 13101*y**2 + 26207*y**2 - 2 - 13104*y**2 + 8*y. What is m(-4)?
-1
Let z(v) = v**2 - 3*v. Suppose 19*q + h + 95 = 21*q, 0 = -2*q + 5*h + 75. Suppose 12*i - q + 14 = 0. Give z(i).
0
Suppose 3*j = 4*y + 79, 1275*y - 5*j = 1270*y - 90. Let h(o) = o**3 + 27*o**2 + 50*o + 60. Give h(y).
60
Suppose 0 = 46*a - 50*a + 8. Let f(p) = -4*p - 3*p**3 - p**2 + 2*p**a - 2*p**3 + 4*p. Give f(2).
-36
Let c(v) be the first derivative of v**4/4 - 19*v**3/3 + 2*v**2 + 3*v + 4657. Calculate c(19).
79
Let j = 777 + -732. Suppose -35 = f - j. Let h(k) = -k. Give h(f).
-10